6907?
879
Calculate the highest common factor of 54 and 19326.
6
What is the greatest common divisor of 260757 and 63?
63
Calculate the greatest common factor of 234376 and 8.
8
Calculate the greatest common divisor of 16 and 24666.
2
Calculate the greatest common divisor of 33685 and 1705.
5
What is the highest common factor of 1344 and 18912?
96
What is the highest common factor of 1040 and 64?
16
What is the greatest common factor of 175 and 11830?
35
Calculate the greatest common factor of 3702 and 1326.
6
What is the highest common factor of 948 and 52368?
12
Calculate the greatest common divisor of 5913 and 621.
27
Calculate the highest common factor of 1040 and 1168.
16
Calculate the highest common factor of 2 and 2356.
2
Calculate the greatest common factor of 45806 and 39616.
1238
What is the highest common factor of 2276 and 6112?
4
What is the highest common divisor of 181251 and 56?
7
What is the greatest common factor of 6644 and 3168?
44
Calculate the highest common divisor of 18220 and 15490.
10
What is the highest common factor of 600 and 83800?
200
What is the highest common divisor of 182870 and 30?
10
Calculate the highest common factor of 4333 and 49.
7
Calculate the highest common factor of 5141 and 11925.
53
What is the greatest common divisor of 3048 and 8676?
12
Calculate the greatest common divisor of 338160 and 480.
240
Calculate the greatest common divisor of 12 and 29724.
12
Calculate the highest common factor of 13 and 400049.
13
Calculate the highest common divisor of 300553 and 89.
89
Calculate the greatest common factor of 3600 and 2655.
45
Calculate the highest common factor of 2318004 and 108.
108
What is the highest common factor of 430692 and 192?
12
What is the greatest common divisor of 48752 and 198?
22
What is the greatest common divisor of 773217 and 477?
477
What is the greatest common divisor of 16368 and 248?
248
What is the greatest common factor of 12 and 77538?
6
What is the highest common divisor of 3652 and 27473?
83
Calculate the greatest common factor of 676085 and 1495.
115
What is the highest common divisor of 126 and 141302?
14
What is the highest common divisor of 331122 and 870?
174
Calculate the greatest common divisor of 274057 and 25568.
799
What is the highest common factor of 10782 and 42?
6
What is the greatest common divisor of 21708 and 132?
12
What is the highest common divisor of 18648 and 15672?
24
What is the greatest common factor of 322 and 81746?
14
Calculate the highest common factor of 1208 and 9.
1
What is the greatest common divisor of 58250 and 375?
125
Calculate the highest common factor of 140 and 2351090.
70
Calculate the greatest common divisor of 3238146 and 18.
18
Calculate the highest common divisor of 28 and 21322.
14
What is the highest common divisor of 35 and 805?
35
What is the highest common factor of 164 and 77162?
82
Calculate the highest common divisor of 27 and 507897.
27
What is the highest common factor of 15 and 1742910?
15
Calculate the greatest common factor of 658 and 49.
7
What is the greatest common factor of 14102 and 444854?
1282
What is the highest common divisor of 434943 and 117?
9
Calculate the greatest common divisor of 2992 and 488784.
272
Calculate the highest common factor of 2105775 and 900.
225
Calculate the highest common divisor of 18232 and 742.
106
Calculate the greatest common divisor of 246 and 8282.
82
What is the highest common factor of 511 and 2898?
7
What is the greatest common factor of 161 and 529?
23
Calculate the highest common factor of 10324 and 232.
116
Calculate the greatest common factor of 776 and 1296.
8
What is the greatest common factor of 77 and 86119?
11
Calculate the highest common factor of 1086 and 432771.
543
Calculate the greatest common divisor of 21 and 43589.
7
Calculate the greatest common divisor of 230 and 1312.
2
Calculate the highest common factor of 7235 and 3.
1
What is the highest common factor of 252 and 59526?
18
What is the greatest common divisor of 1392364 and 21132?
2348
Calculate the highest common factor of 606 and 267044.
202
What is the highest common divisor of 328 and 6683?
41
Calculate the highest common factor of 1859338 and 91.
13
What is the highest common factor of 26233 and 111?
37
What is the highest common divisor of 38 and 208031?
19
What is the highest common divisor of 20352 and 445836?
636
What is the highest common factor of 21460 and 2960?
740
Calculate the greatest common factor of 9779 and 4543.
77
Calculate the greatest common divisor of 153417 and 33.
33
What is the greatest common factor of 26 and 337298?
26
Calculate the highest common factor of 207 and 1219.
23
What is the greatest common divisor of 8316 and 994356?
1188
What is the highest common divisor of 34485 and 330?
165
Calculate the greatest common factor of 48774 and 2442.
66
What is the greatest common factor of 180660 and 180?
60
Calculate the highest common factor of 420 and 7640.
20
What is the greatest common divisor of 46890 and 1530?
90
What is the highest common factor of 291 and 79?
1
Calculate the greatest common factor of 75810 and 26040.
210
Calculate the greatest common factor of 3553 and 15504.
323
Calculate the greatest common divisor of 286 and 84722.
22
Calculate the greatest common factor of 32219 and 138127.
319
What is the greatest common divisor of 1177 and 642?
107
Calculate the greatest common factor of 718 and 350.
2
Calculate the greatest common factor of 12673 and 608.
19
Calculate the highest common factor of 159 and 1763999.
53
What is the greatest common factor of 76 and 655044?
76
What is the greatest common divisor of 369 and 12969?
9
Calculate the greatest common divisor of 3 and 85213.
1
What is the greatest common divisor of 966 and 1633?
23
Calculate the highest common divisor of 94640 and 156.
52
What is the greatest common divisor of 323 and 201875?
323
What is the highest common divisor of 698244 and 12?
12
Calculate the highest common divisor of 93 and 180048.
93
What is the highest common divisor of 455 and 16471?
91
Calculate the greatest common divisor of 75618 and 441.
9
Calculate the highest common divisor of 462 and 51926.
14
Calculate the greatest common factor of 63168 and 2303.
329
Calculate the highest common factor of 2886 and 4995.
111
Calculate the highest common divisor of 47 and 1522142.
47
Calculate the greatest common factor of 113389 and 5215.
149
What is the highest common divisor of 841 and 9?
1
What is the greatest common factor of 562122 and 306?
306
Calculate the highest common factor of 28581 and 63.
21
Calculate the greatest common divisor of 35469 and 126.
63
Calculate the greatest common divisor of 346 and 5536.
346
What is the greatest common divisor of 9404 and 4?
4
What is the highest common factor of 195 and 120770?
65
What is the greatest common factor of 31074 and 234?
6
Calculate the greatest common divisor of 220 and 319660.
220
Calculate the highest common factor of 3870101 and 17.
17
Calculate the highest common divisor of 441 and 939771.
441
Calculate the highest common factor of 2312 and 5383492.
1156
What is the greatest common factor of 867083 and 2037?
679
Calculate the greatest common divisor of 37854 and 216.
54
What is the highest common factor of 4928 and 15598?
22
Calculate the greatest common divisor of 232 and 827863.
29
What is the highest common divisor of 17572 and 124532?
764
What is the greatest common divisor of 718242 and 147?
147
Calculate the highest common divisor of 695 and 293707.
139
Calculate the greatest common divisor of 24106 and 306.
34
Calculate the highest common divisor of 6040 and 2.
2
What is the highest common factor of 14064 and 3840?
48
Calculate the greatest common divisor of 648 and 55134.
54
Calculate the greatest common factor of 975 and 1285375.
325
What is the highest common factor of 109312 and 2768?
16
What is the highest common divisor of 5936 and 269664?
848
Calculate the greatest common divisor of 44 and 557546.
22
What is the greatest common factor of 2340 and 1312272?
468
What is the greatest common factor of 16600 and 115?
5
Calculate the highest common factor of 48 and 20096.
16
Calculate the highest common divisor of 2530 and 1035.
115
What is the greatest common fact